mon factor of 112 and s.
16
Let a be (-2)/((-4)/1524*1). Suppose a = 4*p - 0*p - 2*b, -b + 569 = 3*p. Calculate the highest common factor of p and 19.
19
Let q = 59 - 15. What is the greatest common divisor of q and 11?
11
Suppose -3 + 1 = i. Let n be (-4)/(8/i)*13. What is the highest common factor of 65 and n?
13
Let a(s) = s**2 + 11*s + 37. Let y be a(-11). Calculate the highest common factor of 185 and y.
37
Let x(j) = j**3 - 7*j**2 + 6. Let s be x(7). Calculate the highest common factor of s and 18.
6
Suppose 6*o + 40 = 112. Calculate the highest common divisor of o and 20.
4
Suppose p - 1 = -q + 2*p, -4*p + 6 = -2*q. Suppose 10*t - 90 = q*t. Calculate the highest common factor of 6 and t.
6
Let p be (-56)/(-10) - (18/(-15))/3. Let n(z) = 25*z**3 - z**2 + z - 1. Let o be n(1). What is the highest common factor of p and o?
6
Let j be 8/(-1 - (-2 + -1)). Suppose -j*w + 3 = -5. What is the greatest common divisor of 10 and w?
2
Let g(l) = l**2 - 2*l + 22. Let k be g(9). Suppose -a - 2*v + v + 36 = 0, 2*a - 5*v = 58. What is the greatest common divisor of k and a?
17
Let i = -2 - -4. Let b = -19 - -10. Let s = b + 10. Calculate the greatest common factor of s and i.
1
Let m be 23*1/(-1 + 2). Let f = -31 + 18. Let u = m + f. Calculate the highest common divisor of u and 10.
10
Suppose 3*o + o - 12 = 0. Suppose v + 5*w = -9, o*v + 3*w = -0*v + 21. What is the highest common divisor of 99 and v?
11
Suppose -5*d = -5*j - 660, -414 = -3*d + 4*j - 18. Calculate the highest common factor of 12 and d.
12
Let o(y) = -41*y + 2. Let n be o(-3). Suppose -7*h + n = -2*h. Let a = 2 + 3. Calculate the greatest common factor of h and a.
5
Suppose 0 = -p - s - 2 + 8, 0 = 5*p + 3*s - 26. What is the highest common divisor of 8 and p?
4
Let y be (-174)/(-4) - (-14)/28. Calculate the highest common divisor of y and 66.
22
Let a(i) = -27*i - 2. Let m be a(4). Let v = 196 + m. Let z be v/10 + (-4)/(-10). Calculate the greatest common divisor of 18 and z.
9
Let b(y) be the third derivative of -y**4/24 - 4*y**3/3 - y**2. Let s be b(-9). What is the highest common divisor of s and 1?
1
Let t(u) = 12*u**2 + 6. Let b be t(4). Calculate the highest common divisor of b and 22.
22
Suppose 0 = s + 2*u - 3 + 4, 5*s - 4*u + 61 = 0. Let v = -5 - s. What is the highest common divisor of v and 36?
4
Let v(l) = -10*l**3 - l**2 - 2*l - 1. Let f be v(-1). What is the highest common factor of 5 and f?
5
Let d(z) = -z**3 - 3*z**2 - 3*z. Let p be d(-3). Let x(h) = -11*h - 34. Let r be x(-8). What is the highest common divisor of r and p?
9
Let s be (8/20)/((-5)/(-700)). Suppose -5*j = -39 - s. Let m(f) = -2*f**3 - 8*f**2 + 3*f + 7. Let l be m(-6). Calculate the greatest common factor of j and l.
19
Suppose u + 132 = 2*g, 3*u + 7 = 1. Let r = -63 - -111. Let k = -22 + r. Calculate the highest common divisor of k and g.
13
Suppose 0 = 3*i + 5*z - 62, 3*i - 4*i + 6 = -2*z. Calculate the highest common factor of i and 112.
14
Suppose 4*k = -5*c + 120, c - 2*k - 50 = -12. What is the highest common factor of c and 42?
14
Suppose 0 = -3*c + d + d + 20, 0 = 5*c + d - 55. What is the highest common divisor of 10 and c?
10
Let g be (2/(-2))/((-5)/10). Let h be (-20)/(-4)*g/(-5). Let j be (h + 1)*(0 + -63). What is the highest common divisor of j and 9?
9
Suppose 3*p + 4*f - 39 = 0, -2*p + 4*f = 3*p - 33. Suppose 4*d - 7*d + 27 = 0. What is the highest common divisor of p and d?
9
Let k be ((-18)/30)/((-2)/10). Suppose l = -k*y + 215, 364 = 5*y - 2*l - 2*l. Calculate the greatest common factor of 8 and y.
8
Suppose -10 = 5*l + 5. Let u be 0 + (-45)/(1*l). Let g be ((-6)/(-2))/(9/u). What is the greatest common divisor of g and 5?
5
Let n be 44 - 1 - (-5 + 3). Suppose -15 + n = 3*p. Let m = 20 - p. Calculate the greatest common factor of m and 70.
10
Let f(m) = 2*m + 2. Let b be f(-6). Let k = -4 + b. Let l be 5/7 - 4/k. What is the greatest common factor of 9 and l?
1
Let h(q) = -q**2 + 8*q - 5. Let m be h(5). Suppose -v + m = -71. What is the greatest common factor of 9 and v?
9
Let d be -84*1/2*-1. Let g(x) = -116*x - 10. Let a be g(10). Let w be 1/7 + a/(-42). What is the greatest common divisor of w and d?
14
Suppose -3*z = 3, 2*z = -4*j - 3 + 37. Let l be (2/(-3))/((-3)/j). Suppose -l*a + 36 = 2*a. Calculate the highest common factor of 99 and a.
9
Let p(c) = -4*c - 5. Let h be p(-2). Suppose -h*d = 2*d - 120. Suppose 0 = 4*k - 14 - 18. Calculate the highest common divisor of d and k.
8
Let w(t) = 6*t + 336. Let i be w(-44). Let f = -6 - -14. What is the highest common divisor of f and i?
8
Let a(i) = -i**2 + i. Let x be a(4). Let p be 12*(0 - x/9). Suppose -j + 5*k = -3*j + 4, -p = -2*j - 2*k. What is the highest common factor of 48 and j?
12
Suppose -81 = -2*c - 0*c - j, -c - j + 39 = 0. Suppose 3*s - 23 = -5. What is the greatest common factor of s and c?
6
Let s be 2/4*0 - -9. Calculate the highest common divisor of 3 and s.
3
Suppose 4 - 1 = -k. Let n be -2*1 - (k - 96). Let i = n - 67. Calculate the greatest common divisor of 20 and i.
10
Let q(j) = -j**2 - 8*j - 8. Let l be q(-6). Calculate the greatest common divisor of 32 and l.
4
Let c = -67 - 53. Let g be c*(2/4 + -1). What is the greatest common factor of 12 and g?
12
Suppose 4*z + z - 10 = 0. Suppose 0 = -z*i + 409 - 87. Suppose -4*w = 2*t + 77 - 203, i = 3*t - w. Calculate the greatest common divisor of 11 and t.
11
Let a(g) be the third derivative of -g**4/12 + g**3/6 + 2*g**2. Let r be a(-5). Let o = 146 - 91. What is the greatest common divisor of r and o?
11
Suppose -10 = -3*q + m + 6, 5*q + 5*m = 0. Let u be 8/6*(-3)/(-2). Suppose -q*n + 462 = -u*n. What is the greatest common factor of 21 and n?
21
Let f(m) = m**2 - 9*m + 6. Let c be f(8). Let h be (-1 + 6)*(-2)/c. Calculate the greatest common factor of h and 5.
5
Suppose 0*p - 6 = -2*p. Calculate the greatest common factor of p and 2.
1
Let t(o) be the second derivative of -o**3 - o**2 + o. Let f be t(-6). What is the highest common divisor of 17 and f?
17
Suppose 0 = -0*n + 3*n - 570. Suppose 20 = 2*z + 6. Suppose 12 + z = g. What is the greatest common divisor of n and g?
19
Suppose -28 = -4*t - 4. Let y(i) = i + 11. Let g be y(-9). What is the highest common factor of g and t?
2
Let n = 9 + -7. Suppose n*g + 48 = 6*g. Let h(f) = -f**2 + 6*f + 8. Let j be h(6). What is the greatest common factor of j and g?
4
Let u(t) = t**3 + t**2 - t + 54. Let r be u(0). Suppose -5*v + 11 = -14. Let j = v - -1. What is the greatest common divisor of r and j?
6
Suppose -3*k - 3*g = -225, -3*g = -9 - 0. Calculate the greatest common factor of k and 8.
8
Suppose 0*n + 2*x = -n + 10, -x = 2. Let u = n - -41. Calculate the greatest common divisor of u and 5.
5
Suppose -120 = -33*l + 29*l. Calculate the greatest common factor of l and 15.
15
Let t(d) = -d + 4. Suppose 5*n + 24 = -3*v, -v + 2*n + 2*n = -9. Let c be t(v). Let u be 1 + c*(8 - 3). What is the greatest common divisor of u and 90?
18
Let w be 5/(-2)*8/(-10). What is the greatest common divisor of 5 and w?
1
Suppose 0 = -2*l + u + 8, 2*u = 6*u + 16. Let t(x) = -x**3 + 3*x**2 - 2*x + 2. Let k be t(l). What is the highest common factor of 6 and k?
2
Suppose 0 = 6*i - 7*i + 6. What is the highest common divisor of 30 and i?
6
Let o be (4/8 - -3)*22. What is the greatest common factor of 7 and o?
7
Suppose s - 8 + 5 = 0. Let n be 1/((-53)/18 + s). Calculate the greatest common factor of 198 and n.
18
Let d = -4 + -3. Let v(g) = -g**3 - 7*g**2 - 2*g - 5. Let i be v(d). Let m = 27 - 18. What is the highest common factor of i and m?
9
Let z = 11 + 11. Suppose -5*m - 4*i + z = 0, m - 6*m - 5*i + 25 = 0. What is the greatest common divisor of m and 6?
2
Let s = 276 - 188. What is the highest common divisor of 22 and s?
22
Let i(v) = v**3 + 8*v**2 + 2*v + 8. Let f be i(-6). Suppose -2*q + 11 = 5*p - 26, -4*q + f = 4*p. What is the highest common divisor of 112 and q?
16
Suppose 2*s + 2*s - 176 = -4*r, 2*s - 8 = 0. What is the highest common divisor of r and 100?
20
Let f be -1*3 + (-51)/(-3). Calculate the highest common factor of 98 and f.
14
Suppose 0*w - 14 = -w - 4*j, w = -2*j + 8. Calculate the greatest common factor of w and 14.
2
Let m be 22/4 - 1/(2 + 0). What is the highest common divisor of m and 45?
5
Let g be (-12)/(3/